{"id":3096,"date":"2022-10-05T22:53:24","date_gmt":"2022-10-05T20:53:24","guid":{"rendered":"https:\/\/www.lafineheure.fr\/?page_id=3096"},"modified":"2024-01-31T11:34:08","modified_gmt":"2024-01-31T10:34:08","slug":"la-boutique-caviste","status":"publish","type":"page","link":"https:\/\/www.lafineheure.fr\/index.php\/la-boutique-caviste\/","title":{"rendered":"La boutique caviste"},"content":{"rendered":"\n<div class=\"wp-block-group\"><div class=\"wp-block-group__inner-container is-layout-flow wp-block-group-is-layout-flow\">\n<div class=\"wp-block-columns is-layout-flex wp-container-core-columns-is-layout-9d6595d7 wp-block-columns-is-layout-flex\">\n<div class=\"wp-block-column is-layout-flow wp-block-column-is-layout-flow\">\n<figure class=\"wp-block-image size-large\"><img loading=\"lazy\" decoding=\"async\" width=\"683\" height=\"1024\" src=\"https:\/\/www.lafineheure.fr\/wp-content\/uploads\/2022\/10\/LaFineHeure_Office-de-tourisme-de-Dijon-Metropole_15-683x1024.jpg\" alt=\"\" class=\"wp-image-3100\" srcset=\"https:\/\/www.lafineheure.fr\/wp-content\/uploads\/2022\/10\/LaFineHeure_Office-de-tourisme-de-Dijon-Metropole_15-683x1024.jpg 683w, https:\/\/www.lafineheure.fr\/wp-content\/uploads\/2022\/10\/LaFineHeure_Office-de-tourisme-de-Dijon-Metropole_15-scaled-300x450.jpg 300w, https:\/\/www.lafineheure.fr\/wp-content\/uploads\/2022\/10\/LaFineHeure_Office-de-tourisme-de-Dijon-Metropole_15-600x900.jpg 600w, https:\/\/www.lafineheure.fr\/wp-content\/uploads\/2022\/10\/LaFineHeure_Office-de-tourisme-de-Dijon-Metropole_15-200x300.jpg 200w, https:\/\/www.lafineheure.fr\/wp-content\/uploads\/2022\/10\/LaFineHeure_Office-de-tourisme-de-Dijon-Metropole_15-768x1152.jpg 768w, https:\/\/www.lafineheure.fr\/wp-content\/uploads\/2022\/10\/LaFineHeure_Office-de-tourisme-de-Dijon-Metropole_15-1024x1536.jpg 1024w, https:\/\/www.lafineheure.fr\/wp-content\/uploads\/2022\/10\/LaFineHeure_Office-de-tourisme-de-Dijon-Metropole_15-1365x2048.jpg 1365w, https:\/\/www.lafineheure.fr\/wp-content\/uploads\/2022\/10\/LaFineHeure_Office-de-tourisme-de-Dijon-Metropole_15-scaled.jpg 1707w\" sizes=\"auto, (max-width: 683px) 100vw, 683px\" \/><\/figure>\n\n\n\n<p style=\"font-size:18px\">Dans notre espace Boutique Caviste vous pourrez trouvez tous les vins, liqueurs et eaux de vies que vous avez d\u00e9gust\u00e9s durant votre repas \u00e0 La Fine Heure.<br>De la cr\u00e8me de Pain d&rsquo;Epices de chez Briottet et bien sur leur c\u00e9l\u00e8bre Cassis, la cuv\u00e9e G\u00e9rard Briottet, ultra concentr\u00e9e en fruits ! Du bonheur dans les narines et du velours sur la langue, votre palais sera combl\u00e9. Vous trouverez toutes ces liqueurs dans notre boutique pour rapporter chez vous les souvenirs de Dijon et le partager avec vos amis et familles.<\/p>\n<\/div>\n\n\n\n<div class=\"wp-block-column is-layout-flow wp-block-column-is-layout-flow\">\n<figure class=\"wp-block-image size-large\"><img loading=\"lazy\" decoding=\"async\" width=\"683\" height=\"1024\" src=\"https:\/\/www.lafineheure.fr\/wp-content\/uploads\/2022\/10\/LaFineHeure_Office-de-tourisme-de-Dijon-Metropole_14-683x1024.jpg\" alt=\"\" class=\"wp-image-3102\" srcset=\"https:\/\/www.lafineheure.fr\/wp-content\/uploads\/2022\/10\/LaFineHeure_Office-de-tourisme-de-Dijon-Metropole_14-683x1024.jpg 683w, https:\/\/www.lafineheure.fr\/wp-content\/uploads\/2022\/10\/LaFineHeure_Office-de-tourisme-de-Dijon-Metropole_14-scaled-300x450.jpg 300w, https:\/\/www.lafineheure.fr\/wp-content\/uploads\/2022\/10\/LaFineHeure_Office-de-tourisme-de-Dijon-Metropole_14-600x900.jpg 600w, https:\/\/www.lafineheure.fr\/wp-content\/uploads\/2022\/10\/LaFineHeure_Office-de-tourisme-de-Dijon-Metropole_14-200x300.jpg 200w, https:\/\/www.lafineheure.fr\/wp-content\/uploads\/2022\/10\/LaFineHeure_Office-de-tourisme-de-Dijon-Metropole_14-768x1152.jpg 768w, https:\/\/www.lafineheure.fr\/wp-content\/uploads\/2022\/10\/LaFineHeure_Office-de-tourisme-de-Dijon-Metropole_14-1024x1536.jpg 1024w, https:\/\/www.lafineheure.fr\/wp-content\/uploads\/2022\/10\/LaFineHeure_Office-de-tourisme-de-Dijon-Metropole_14-1365x2048.jpg 1365w, https:\/\/www.lafineheure.fr\/wp-content\/uploads\/2022\/10\/LaFineHeure_Office-de-tourisme-de-Dijon-Metropole_14-scaled.jpg 1707w\" sizes=\"auto, (max-width: 683px) 100vw, 683px\" \/><\/figure>\n\n\n\n<p style=\"font-size:18px\">.Des centaines de r\u00e9f\u00e9rences de vins, des domaines familiaux au domaines plus renomm\u00e9es et prestigieux.<\/p>\n<\/div>\n<\/div>\n<\/div><\/div>\n\n\n\n<p>D\u00e9couvrez notre boutique caviste et repartez avec les vins que vous avez d\u00e9gustez. Vous pouvez \u00e9galement vous faire livrer les vins que vous aimez en France et dans toute l&rsquo;Europe en nous contactant par e-mail sur contact@lafineheure.fr<\/p>\n\n\n\n<p>&nbsp;<\/p>\n","protected":false},"excerpt":{"rendered":"<p>Dans notre espace Boutique Caviste vous pourrez trouvez tous les vins, liqueurs et eaux de vies que vous avez d\u00e9gust\u00e9s durant votre repas \u00e0 La Fine Heure.De la cr\u00e8me de Pain d&rsquo;Epices de chez Briottet et bien sur leur c\u00e9l\u00e8bre [&hellip;]<\/p>\n","protected":false},"author":1,"featured_media":0,"parent":0,"menu_order":0,"comment_status":"closed","ping_status":"closed","template":"","meta":{"_acf_changed":false,"footnotes":""},"class_list":["post-3096","page","type-page","status-publish","hentry"],"acf":[],"yoast_head":"<!-- This site is optimized with the Yoast SEO plugin v27.4 - https:\/\/yoast.com\/product\/yoast-seo-wordpress\/ -->\n<title>D\u00e9couvrez la boutique La Fine Heure<\/title>\n<meta name=\"description\" content=\"La Fine Heure vous propose des cuv\u00e9es d&#039;exception, des coffrets de vins et bons cadeaux pour un moment savoureux et convivial.\" \/>\n<meta name=\"robots\" content=\"index, follow, max-snippet:-1, max-image-preview:large, max-video-preview:-1\" \/>\n<link rel=\"canonical\" href=\"https:\/\/www.lafineheure.fr\/index.php\/la-boutique-caviste\/\" \/>\n<meta property=\"og:locale\" content=\"fr_FR\" \/>\n<meta property=\"og:type\" content=\"article\" \/>\n<meta property=\"og:title\" content=\"D\u00e9couvrez la boutique La Fine Heure\" \/>\n<meta property=\"og:description\" content=\"La Fine Heure vous propose des cuv\u00e9es d&#039;exception, des coffrets de vins et bons cadeaux pour un moment savoureux et convivial.\" \/>\n<meta property=\"og:url\" content=\"https:\/\/www.lafineheure.fr\/index.php\/la-boutique-caviste\/\" \/>\n<meta property=\"og:site_name\" content=\"La Fine Heure\" \/>\n<meta property=\"article:modified_time\" content=\"2024-01-31T10:34:08+00:00\" \/>\n<meta property=\"og:image\" content=\"https:\/\/www.lafineheure.fr\/wp-content\/uploads\/2022\/10\/LaFineHeure_Office-de-tourisme-de-Dijon-Metropole_15-683x1024.jpg\" \/>\n<meta name=\"twitter:card\" content=\"summary_large_image\" \/>\n<meta name=\"twitter:label1\" content=\"Dur\u00e9e de lecture estim\u00e9e\" \/>\n\t<meta name=\"twitter:data1\" content=\"2 minutes\" \/>\n<script type=\"application\/ld+json\" class=\"yoast-schema-graph\">{\"@context\":\"https:\\\/\\\/schema.org\",\"@graph\":[{\"@type\":\"WebPage\",\"@id\":\"https:\\\/\\\/www.lafineheure.fr\\\/index.php\\\/la-boutique-caviste\\\/\",\"url\":\"https:\\\/\\\/www.lafineheure.fr\\\/index.php\\\/la-boutique-caviste\\\/\",\"name\":\"D\u00e9couvrez la boutique La Fine Heure\",\"isPartOf\":{\"@id\":\"https:\\\/\\\/www.lafineheure.fr\\\/#website\"},\"primaryImageOfPage\":{\"@id\":\"https:\\\/\\\/www.lafineheure.fr\\\/index.php\\\/la-boutique-caviste\\\/#primaryimage\"},\"image\":{\"@id\":\"https:\\\/\\\/www.lafineheure.fr\\\/index.php\\\/la-boutique-caviste\\\/#primaryimage\"},\"thumbnailUrl\":\"https:\\\/\\\/www.lafineheure.fr\\\/wp-content\\\/uploads\\\/2022\\\/10\\\/LaFineHeure_Office-de-tourisme-de-Dijon-Metropole_15-683x1024.jpg\",\"datePublished\":\"2022-10-05T20:53:24+00:00\",\"dateModified\":\"2024-01-31T10:34:08+00:00\",\"description\":\"La Fine Heure vous propose des cuv\u00e9es d'exception, des coffrets de vins et bons cadeaux pour un moment savoureux et convivial.\",\"breadcrumb\":{\"@id\":\"https:\\\/\\\/www.lafineheure.fr\\\/index.php\\\/la-boutique-caviste\\\/#breadcrumb\"},\"inLanguage\":\"fr-FR\",\"potentialAction\":[{\"@type\":\"ReadAction\",\"target\":[\"https:\\\/\\\/www.lafineheure.fr\\\/index.php\\\/la-boutique-caviste\\\/\"]}]},{\"@type\":\"ImageObject\",\"inLanguage\":\"fr-FR\",\"@id\":\"https:\\\/\\\/www.lafineheure.fr\\\/index.php\\\/la-boutique-caviste\\\/#primaryimage\",\"url\":\"https:\\\/\\\/www.lafineheure.fr\\\/wp-content\\\/uploads\\\/2022\\\/10\\\/LaFineHeure_Office-de-tourisme-de-Dijon-Metropole_15-683x1024.jpg\",\"contentUrl\":\"https:\\\/\\\/www.lafineheure.fr\\\/wp-content\\\/uploads\\\/2022\\\/10\\\/LaFineHeure_Office-de-tourisme-de-Dijon-Metropole_15-683x1024.jpg\"},{\"@type\":\"BreadcrumbList\",\"@id\":\"https:\\\/\\\/www.lafineheure.fr\\\/index.php\\\/la-boutique-caviste\\\/#breadcrumb\",\"itemListElement\":[{\"@type\":\"ListItem\",\"position\":1,\"name\":\"Accueil\",\"item\":\"https:\\\/\\\/www.lafineheure.fr\\\/\"},{\"@type\":\"ListItem\",\"position\":2,\"name\":\"La boutique caviste\"}]},{\"@type\":\"WebSite\",\"@id\":\"https:\\\/\\\/www.lafineheure.fr\\\/#website\",\"url\":\"https:\\\/\\\/www.lafineheure.fr\\\/\",\"name\":\"La Fine Heure\",\"description\":\"Restaurant - Cave \u00e0 vins\",\"publisher\":{\"@id\":\"https:\\\/\\\/www.lafineheure.fr\\\/#organization\"},\"potentialAction\":[{\"@type\":\"SearchAction\",\"target\":{\"@type\":\"EntryPoint\",\"urlTemplate\":\"https:\\\/\\\/www.lafineheure.fr\\\/?s={search_term_string}\"},\"query-input\":{\"@type\":\"PropertyValueSpecification\",\"valueRequired\":true,\"valueName\":\"search_term_string\"}}],\"inLanguage\":\"fr-FR\"},{\"@type\":\"Organization\",\"@id\":\"https:\\\/\\\/www.lafineheure.fr\\\/#organization\",\"name\":\"La Fine Heure\",\"url\":\"https:\\\/\\\/www.lafineheure.fr\\\/\",\"logo\":{\"@type\":\"ImageObject\",\"inLanguage\":\"fr-FR\",\"@id\":\"https:\\\/\\\/www.lafineheure.fr\\\/#\\\/schema\\\/logo\\\/image\\\/\",\"url\":\"https:\\\/\\\/www.lafineheure.fr\\\/wp-content\\\/uploads\\\/2020\\\/09\\\/logo-la-fine-heure_RVB.png\",\"contentUrl\":\"https:\\\/\\\/www.lafineheure.fr\\\/wp-content\\\/uploads\\\/2020\\\/09\\\/logo-la-fine-heure_RVB.png\",\"width\":1470,\"height\":1147,\"caption\":\"La Fine Heure\"},\"image\":{\"@id\":\"https:\\\/\\\/www.lafineheure.fr\\\/#\\\/schema\\\/logo\\\/image\\\/\"}}]}<\/script>\n<!-- \/ Yoast SEO plugin. -->","yoast_head_json":{"title":"D\u00e9couvrez la boutique La Fine Heure","description":"La Fine Heure vous propose des cuv\u00e9es d'exception, des coffrets de vins et bons cadeaux pour un moment savoureux et convivial.","robots":{"index":"index","follow":"follow","max-snippet":"max-snippet:-1","max-image-preview":"max-image-preview:large","max-video-preview":"max-video-preview:-1"},"canonical":"https:\/\/www.lafineheure.fr\/index.php\/la-boutique-caviste\/","og_locale":"fr_FR","og_type":"article","og_title":"D\u00e9couvrez la boutique La Fine Heure","og_description":"La Fine Heure vous propose des cuv\u00e9es d'exception, des coffrets de vins et bons cadeaux pour un moment savoureux et convivial.","og_url":"https:\/\/www.lafineheure.fr\/index.php\/la-boutique-caviste\/","og_site_name":"La Fine Heure","article_modified_time":"2024-01-31T10:34:08+00:00","og_image":[{"url":"https:\/\/www.lafineheure.fr\/wp-content\/uploads\/2022\/10\/LaFineHeure_Office-de-tourisme-de-Dijon-Metropole_15-683x1024.jpg","type":"","width":"","height":""}],"twitter_card":"summary_large_image","twitter_misc":{"Dur\u00e9e de lecture estim\u00e9e":"2 minutes"},"schema":{"@context":"https:\/\/schema.org","@graph":[{"@type":"WebPage","@id":"https:\/\/www.lafineheure.fr\/index.php\/la-boutique-caviste\/","url":"https:\/\/www.lafineheure.fr\/index.php\/la-boutique-caviste\/","name":"D\u00e9couvrez la boutique La Fine Heure","isPartOf":{"@id":"https:\/\/www.lafineheure.fr\/#website"},"primaryImageOfPage":{"@id":"https:\/\/www.lafineheure.fr\/index.php\/la-boutique-caviste\/#primaryimage"},"image":{"@id":"https:\/\/www.lafineheure.fr\/index.php\/la-boutique-caviste\/#primaryimage"},"thumbnailUrl":"https:\/\/www.lafineheure.fr\/wp-content\/uploads\/2022\/10\/LaFineHeure_Office-de-tourisme-de-Dijon-Metropole_15-683x1024.jpg","datePublished":"2022-10-05T20:53:24+00:00","dateModified":"2024-01-31T10:34:08+00:00","description":"La Fine Heure vous propose des cuv\u00e9es d'exception, des coffrets de vins et bons cadeaux pour un moment savoureux et convivial.","breadcrumb":{"@id":"https:\/\/www.lafineheure.fr\/index.php\/la-boutique-caviste\/#breadcrumb"},"inLanguage":"fr-FR","potentialAction":[{"@type":"ReadAction","target":["https:\/\/www.lafineheure.fr\/index.php\/la-boutique-caviste\/"]}]},{"@type":"ImageObject","inLanguage":"fr-FR","@id":"https:\/\/www.lafineheure.fr\/index.php\/la-boutique-caviste\/#primaryimage","url":"https:\/\/www.lafineheure.fr\/wp-content\/uploads\/2022\/10\/LaFineHeure_Office-de-tourisme-de-Dijon-Metropole_15-683x1024.jpg","contentUrl":"https:\/\/www.lafineheure.fr\/wp-content\/uploads\/2022\/10\/LaFineHeure_Office-de-tourisme-de-Dijon-Metropole_15-683x1024.jpg"},{"@type":"BreadcrumbList","@id":"https:\/\/www.lafineheure.fr\/index.php\/la-boutique-caviste\/#breadcrumb","itemListElement":[{"@type":"ListItem","position":1,"name":"Accueil","item":"https:\/\/www.lafineheure.fr\/"},{"@type":"ListItem","position":2,"name":"La boutique caviste"}]},{"@type":"WebSite","@id":"https:\/\/www.lafineheure.fr\/#website","url":"https:\/\/www.lafineheure.fr\/","name":"La Fine Heure","description":"Restaurant - Cave \u00e0 vins","publisher":{"@id":"https:\/\/www.lafineheure.fr\/#organization"},"potentialAction":[{"@type":"SearchAction","target":{"@type":"EntryPoint","urlTemplate":"https:\/\/www.lafineheure.fr\/?s={search_term_string}"},"query-input":{"@type":"PropertyValueSpecification","valueRequired":true,"valueName":"search_term_string"}}],"inLanguage":"fr-FR"},{"@type":"Organization","@id":"https:\/\/www.lafineheure.fr\/#organization","name":"La Fine Heure","url":"https:\/\/www.lafineheure.fr\/","logo":{"@type":"ImageObject","inLanguage":"fr-FR","@id":"https:\/\/www.lafineheure.fr\/#\/schema\/logo\/image\/","url":"https:\/\/www.lafineheure.fr\/wp-content\/uploads\/2020\/09\/logo-la-fine-heure_RVB.png","contentUrl":"https:\/\/www.lafineheure.fr\/wp-content\/uploads\/2020\/09\/logo-la-fine-heure_RVB.png","width":1470,"height":1147,"caption":"La Fine Heure"},"image":{"@id":"https:\/\/www.lafineheure.fr\/#\/schema\/logo\/image\/"}}]}},"_links":{"self":[{"href":"https:\/\/www.lafineheure.fr\/index.php\/wp-json\/wp\/v2\/pages\/3096","targetHints":{"allow":["GET"]}}],"collection":[{"href":"https:\/\/www.lafineheure.fr\/index.php\/wp-json\/wp\/v2\/pages"}],"about":[{"href":"https:\/\/www.lafineheure.fr\/index.php\/wp-json\/wp\/v2\/types\/page"}],"author":[{"embeddable":true,"href":"https:\/\/www.lafineheure.fr\/index.php\/wp-json\/wp\/v2\/users\/1"}],"replies":[{"embeddable":true,"href":"https:\/\/www.lafineheure.fr\/index.php\/wp-json\/wp\/v2\/comments?post=3096"}],"version-history":[{"count":3,"href":"https:\/\/www.lafineheure.fr\/index.php\/wp-json\/wp\/v2\/pages\/3096\/revisions"}],"predecessor-version":[{"id":3103,"href":"https:\/\/www.lafineheure.fr\/index.php\/wp-json\/wp\/v2\/pages\/3096\/revisions\/3103"}],"wp:attachment":[{"href":"https:\/\/www.lafineheure.fr\/index.php\/wp-json\/wp\/v2\/media?parent=3096"}],"curies":[{"name":"wp","href":"https:\/\/api.w.org\/{rel}","templated":true}]}}