{"id":3786,"date":"2023-12-18T15:50:05","date_gmt":"2023-12-18T14:50:05","guid":{"rendered":"https:\/\/www.lafineheure.fr\/index.php\/product\/morey-saint-denis-1er-cru-cuvee-des-alouettes-2013\/"},"modified":"2024-03-26T19:15:05","modified_gmt":"2024-03-26T18:15:05","slug":"morey-saint-denis-1er-cru-cuvee-des-alouettes-2013","status":"publish","type":"product","link":"https:\/\/www.lafineheure.fr\/index.php\/produit\/morey-saint-denis-1er-cru-cuvee-des-alouettes-2013\/","title":{"rendered":"Morey-Saint-Denis 1er Cru \u00ab\u00a0Cuv\u00e9e des Alouettes\u00a0\u00bb 2013"},"content":{"rendered":"<p>Le Morey-Saint-Denis 1er Cru \u00ab\u00a0Cuv\u00e9e des Alouettes\u00a0\u00bb 2013 du Domaine Ponsot est une symphonie de Pinot Noir, d\u00e9ployant ses notes les plus d\u00e9licates dans chaque gorg\u00e9e. Cette cuv\u00e9e prestigieuse trouve une alliance parfaite avec des plats aussi exquis qu&rsquo;un magret de canard aux \u00e9pices douces, une terrine de gibier, ou encore des fromages fins. Sa complexit\u00e9 en fait \u00e9galement un compagnon de choix pour une d\u00e9gustation contemplative, invitant \u00e0 savourer chaque nuance. Cette cuv\u00e9e du Domaine Ponsot est bien plus qu&rsquo;un simple vin, c&rsquo;est une invitation \u00e0 explorer la subtilit\u00e9 et l&rsquo;art qui se cachent derri\u00e8re chaque goutte. La \u00ab\u00a0Cuv\u00e9e des Alouettes\u00a0\u00bb 2013 incarne l&rsquo;excellence et la diversit\u00e9 des vins de Bourgogne, promettant une d\u00e9gustation o\u00f9 chaque d\u00e9tail r\u00e9v\u00e8le un monde de d\u00e9lices.<\/p>\n","protected":false},"excerpt":{"rendered":"<p>Morey-Saint-Denis 1er Cru \u00ab\u00a0Cuv\u00e9e des Alouettes\u00a0\u00bb 2013 &#8211; Domaine Ponsot &#8211; 75cl<\/p>\n","protected":false},"featured_media":3951,"comment_status":"open","ping_status":"closed","template":"","meta":{"_acf_changed":false},"product_brand":[],"product_cat":[111],"product_tag":[110],"class_list":{"0":"post-3786","1":"product","2":"type-product","3":"status-publish","4":"has-post-thumbnail","6":"product_cat-vin","7":"product_tag-bourgogne","9":"first","10":"outofstock","11":"shipping-taxable","12":"purchasable","13":"product-type-simple"},"acf":[],"yoast_head":"<!-- This site is optimized with the Yoast SEO plugin v27.4 - https:\/\/yoast.com\/product\/yoast-seo-wordpress\/ -->\n<title>Morey-Saint-Denis 1er Cru &quot;Cuv\u00e9e des Alouettes&quot; 2013 - La Fine Heure<\/title>\n<meta name=\"description\" content=\"D\u00e9couvrez les cuv\u00e9es s\u00e9lectionn\u00e9es par La Fine Heure avec Morey-Saint-Denis 1er Cru &quot;Cuv\u00e9e des Alouettes&quot; 2013 ou l&#039;ensemble des vins rouges, blancs ou ros\u00e9s.\" \/>\n<meta name=\"robots\" content=\"index, follow, max-snippet:-1, max-image-preview:large, max-video-preview:-1\" \/>\n<link rel=\"canonical\" href=\"https:\/\/www.lafineheure.fr\/index.php\/produit\/morey-saint-denis-1er-cru-cuvee-des-alouettes-2013\/\" \/>\n<meta property=\"og:locale\" content=\"fr_FR\" \/>\n<meta property=\"og:type\" content=\"article\" \/>\n<meta property=\"og:title\" content=\"Morey-Saint-Denis 1er Cru &quot;Cuv\u00e9e des Alouettes&quot; 2013 - La Fine Heure\" \/>\n<meta property=\"og:description\" content=\"D\u00e9couvrez les cuv\u00e9es s\u00e9lectionn\u00e9es par La Fine Heure avec Morey-Saint-Denis 1er Cru &quot;Cuv\u00e9e des Alouettes&quot; 2013 ou l&#039;ensemble des vins rouges, blancs ou ros\u00e9s.\" \/>\n<meta property=\"og:url\" content=\"https:\/\/www.lafineheure.fr\/index.php\/produit\/morey-saint-denis-1er-cru-cuvee-des-alouettes-2013\/\" \/>\n<meta property=\"og:site_name\" content=\"La Fine Heure\" \/>\n<meta property=\"article:modified_time\" content=\"2024-03-26T18:15:05+00:00\" \/>\n<meta property=\"og:image\" content=\"https:\/\/www.lafineheure.fr\/wp-content\/uploads\/2023\/12\/MORSAIDEN1CRUCUVDESALO2013.png\" \/>\n\t<meta property=\"og:image:width\" content=\"498\" \/>\n\t<meta property=\"og:image:height\" content=\"1798\" \/>\n\t<meta property=\"og:image:type\" content=\"image\/png\" \/>\n<meta name=\"twitter:card\" content=\"summary_large_image\" \/>\n<meta name=\"twitter:label1\" content=\"Dur\u00e9e de lecture estim\u00e9e\" \/>\n\t<meta name=\"twitter:data1\" content=\"1 minute\" \/>\n<script type=\"application\/ld+json\" class=\"yoast-schema-graph\">{\"@context\":\"https:\\\/\\\/schema.org\",\"@graph\":[{\"@type\":\"WebPage\",\"@id\":\"https:\\\/\\\/www.lafineheure.fr\\\/index.php\\\/produit\\\/morey-saint-denis-1er-cru-cuvee-des-alouettes-2013\\\/\",\"url\":\"https:\\\/\\\/www.lafineheure.fr\\\/index.php\\\/produit\\\/morey-saint-denis-1er-cru-cuvee-des-alouettes-2013\\\/\",\"name\":\"Morey-Saint-Denis 1er Cru \\\"Cuv\u00e9e des Alouettes\\\" 2013 - La Fine Heure\",\"isPartOf\":{\"@id\":\"https:\\\/\\\/www.lafineheure.fr\\\/#website\"},\"primaryImageOfPage\":{\"@id\":\"https:\\\/\\\/www.lafineheure.fr\\\/index.php\\\/produit\\\/morey-saint-denis-1er-cru-cuvee-des-alouettes-2013\\\/#primaryimage\"},\"image\":{\"@id\":\"https:\\\/\\\/www.lafineheure.fr\\\/index.php\\\/produit\\\/morey-saint-denis-1er-cru-cuvee-des-alouettes-2013\\\/#primaryimage\"},\"thumbnailUrl\":\"https:\\\/\\\/www.lafineheure.fr\\\/wp-content\\\/uploads\\\/2023\\\/12\\\/MORSAIDEN1CRUCUVDESALO2013.png\",\"datePublished\":\"2023-12-18T14:50:05+00:00\",\"dateModified\":\"2024-03-26T18:15:05+00:00\",\"description\":\"D\u00e9couvrez les cuv\u00e9es s\u00e9lectionn\u00e9es par La Fine Heure avec Morey-Saint-Denis 1er Cru \\\"Cuv\u00e9e des Alouettes\\\" 2013 ou l'ensemble des vins rouges, blancs ou ros\u00e9s.\",\"breadcrumb\":{\"@id\":\"https:\\\/\\\/www.lafineheure.fr\\\/index.php\\\/produit\\\/morey-saint-denis-1er-cru-cuvee-des-alouettes-2013\\\/#breadcrumb\"},\"inLanguage\":\"fr-FR\",\"potentialAction\":[{\"@type\":\"ReadAction\",\"target\":[\"https:\\\/\\\/www.lafineheure.fr\\\/index.php\\\/produit\\\/morey-saint-denis-1er-cru-cuvee-des-alouettes-2013\\\/\"]}]},{\"@type\":\"ImageObject\",\"inLanguage\":\"fr-FR\",\"@id\":\"https:\\\/\\\/www.lafineheure.fr\\\/index.php\\\/produit\\\/morey-saint-denis-1er-cru-cuvee-des-alouettes-2013\\\/#primaryimage\",\"url\":\"https:\\\/\\\/www.lafineheure.fr\\\/wp-content\\\/uploads\\\/2023\\\/12\\\/MORSAIDEN1CRUCUVDESALO2013.png\",\"contentUrl\":\"https:\\\/\\\/www.lafineheure.fr\\\/wp-content\\\/uploads\\\/2023\\\/12\\\/MORSAIDEN1CRUCUVDESALO2013.png\",\"width\":498,\"height\":1798,\"caption\":\"Boutique spiritueux Dijon - cave \u00e0 vin\"},{\"@type\":\"BreadcrumbList\",\"@id\":\"https:\\\/\\\/www.lafineheure.fr\\\/index.php\\\/produit\\\/morey-saint-denis-1er-cru-cuvee-des-alouettes-2013\\\/#breadcrumb\",\"itemListElement\":[{\"@type\":\"ListItem\",\"position\":1,\"name\":\"Accueil\",\"item\":\"https:\\\/\\\/www.lafineheure.fr\\\/\"},{\"@type\":\"ListItem\",\"position\":2,\"name\":\"Boutique\",\"item\":\"https:\\\/\\\/www.lafineheure.fr\\\/index.php\\\/boutique\\\/\"},{\"@type\":\"ListItem\",\"position\":3,\"name\":\"Morey-Saint-Denis 1er Cru \u00ab\u00a0Cuv\u00e9e des Alouettes\u00a0\u00bb 2013\"}]},{\"@type\":\"WebSite\",\"@id\":\"https:\\\/\\\/www.lafineheure.fr\\\/#website\",\"url\":\"https:\\\/\\\/www.lafineheure.fr\\\/\",\"name\":\"La Fine Heure\",\"description\":\"Restaurant - Cave \u00e0 vins\",\"publisher\":{\"@id\":\"https:\\\/\\\/www.lafineheure.fr\\\/#organization\"},\"potentialAction\":[{\"@type\":\"SearchAction\",\"target\":{\"@type\":\"EntryPoint\",\"urlTemplate\":\"https:\\\/\\\/www.lafineheure.fr\\\/?s={search_term_string}\"},\"query-input\":{\"@type\":\"PropertyValueSpecification\",\"valueRequired\":true,\"valueName\":\"search_term_string\"}}],\"inLanguage\":\"fr-FR\"},{\"@type\":\"Organization\",\"@id\":\"https:\\\/\\\/www.lafineheure.fr\\\/#organization\",\"name\":\"La Fine Heure\",\"url\":\"https:\\\/\\\/www.lafineheure.fr\\\/\",\"logo\":{\"@type\":\"ImageObject\",\"inLanguage\":\"fr-FR\",\"@id\":\"https:\\\/\\\/www.lafineheure.fr\\\/#\\\/schema\\\/logo\\\/image\\\/\",\"url\":\"https:\\\/\\\/www.lafineheure.fr\\\/wp-content\\\/uploads\\\/2020\\\/09\\\/logo-la-fine-heure_RVB.png\",\"contentUrl\":\"https:\\\/\\\/www.lafineheure.fr\\\/wp-content\\\/uploads\\\/2020\\\/09\\\/logo-la-fine-heure_RVB.png\",\"width\":1470,\"height\":1147,\"caption\":\"La Fine Heure\"},\"image\":{\"@id\":\"https:\\\/\\\/www.lafineheure.fr\\\/#\\\/schema\\\/logo\\\/image\\\/\"}}]}<\/script>\n<!-- \/ Yoast SEO plugin. -->","yoast_head_json":{"title":"Morey-Saint-Denis 1er Cru \"Cuv\u00e9e des Alouettes\" 2013 - La Fine Heure","description":"D\u00e9couvrez les cuv\u00e9es s\u00e9lectionn\u00e9es par La Fine Heure avec Morey-Saint-Denis 1er Cru \"Cuv\u00e9e des Alouettes\" 2013 ou l'ensemble des vins rouges, blancs ou ros\u00e9s.","robots":{"index":"index","follow":"follow","max-snippet":"max-snippet:-1","max-image-preview":"max-image-preview:large","max-video-preview":"max-video-preview:-1"},"canonical":"https:\/\/www.lafineheure.fr\/index.php\/produit\/morey-saint-denis-1er-cru-cuvee-des-alouettes-2013\/","og_locale":"fr_FR","og_type":"article","og_title":"Morey-Saint-Denis 1er Cru \"Cuv\u00e9e des Alouettes\" 2013 - La Fine Heure","og_description":"D\u00e9couvrez les cuv\u00e9es s\u00e9lectionn\u00e9es par La Fine Heure avec Morey-Saint-Denis 1er Cru \"Cuv\u00e9e des Alouettes\" 2013 ou l'ensemble des vins rouges, blancs ou ros\u00e9s.","og_url":"https:\/\/www.lafineheure.fr\/index.php\/produit\/morey-saint-denis-1er-cru-cuvee-des-alouettes-2013\/","og_site_name":"La Fine Heure","article_modified_time":"2024-03-26T18:15:05+00:00","og_image":[{"width":498,"height":1798,"url":"https:\/\/www.lafineheure.fr\/wp-content\/uploads\/2023\/12\/MORSAIDEN1CRUCUVDESALO2013.png","type":"image\/png"}],"twitter_card":"summary_large_image","twitter_misc":{"Dur\u00e9e de lecture estim\u00e9e":"1 minute"},"schema":{"@context":"https:\/\/schema.org","@graph":[{"@type":"WebPage","@id":"https:\/\/www.lafineheure.fr\/index.php\/produit\/morey-saint-denis-1er-cru-cuvee-des-alouettes-2013\/","url":"https:\/\/www.lafineheure.fr\/index.php\/produit\/morey-saint-denis-1er-cru-cuvee-des-alouettes-2013\/","name":"Morey-Saint-Denis 1er Cru \"Cuv\u00e9e des Alouettes\" 2013 - La Fine Heure","isPartOf":{"@id":"https:\/\/www.lafineheure.fr\/#website"},"primaryImageOfPage":{"@id":"https:\/\/www.lafineheure.fr\/index.php\/produit\/morey-saint-denis-1er-cru-cuvee-des-alouettes-2013\/#primaryimage"},"image":{"@id":"https:\/\/www.lafineheure.fr\/index.php\/produit\/morey-saint-denis-1er-cru-cuvee-des-alouettes-2013\/#primaryimage"},"thumbnailUrl":"https:\/\/www.lafineheure.fr\/wp-content\/uploads\/2023\/12\/MORSAIDEN1CRUCUVDESALO2013.png","datePublished":"2023-12-18T14:50:05+00:00","dateModified":"2024-03-26T18:15:05+00:00","description":"D\u00e9couvrez les cuv\u00e9es s\u00e9lectionn\u00e9es par La Fine Heure avec Morey-Saint-Denis 1er Cru \"Cuv\u00e9e des Alouettes\" 2013 ou l'ensemble des vins rouges, blancs ou ros\u00e9s.","breadcrumb":{"@id":"https:\/\/www.lafineheure.fr\/index.php\/produit\/morey-saint-denis-1er-cru-cuvee-des-alouettes-2013\/#breadcrumb"},"inLanguage":"fr-FR","potentialAction":[{"@type":"ReadAction","target":["https:\/\/www.lafineheure.fr\/index.php\/produit\/morey-saint-denis-1er-cru-cuvee-des-alouettes-2013\/"]}]},{"@type":"ImageObject","inLanguage":"fr-FR","@id":"https:\/\/www.lafineheure.fr\/index.php\/produit\/morey-saint-denis-1er-cru-cuvee-des-alouettes-2013\/#primaryimage","url":"https:\/\/www.lafineheure.fr\/wp-content\/uploads\/2023\/12\/MORSAIDEN1CRUCUVDESALO2013.png","contentUrl":"https:\/\/www.lafineheure.fr\/wp-content\/uploads\/2023\/12\/MORSAIDEN1CRUCUVDESALO2013.png","width":498,"height":1798,"caption":"Boutique spiritueux Dijon - cave \u00e0 vin"},{"@type":"BreadcrumbList","@id":"https:\/\/www.lafineheure.fr\/index.php\/produit\/morey-saint-denis-1er-cru-cuvee-des-alouettes-2013\/#breadcrumb","itemListElement":[{"@type":"ListItem","position":1,"name":"Accueil","item":"https:\/\/www.lafineheure.fr\/"},{"@type":"ListItem","position":2,"name":"Boutique","item":"https:\/\/www.lafineheure.fr\/index.php\/boutique\/"},{"@type":"ListItem","position":3,"name":"Morey-Saint-Denis 1er Cru \u00ab\u00a0Cuv\u00e9e des Alouettes\u00a0\u00bb 2013"}]},{"@type":"WebSite","@id":"https:\/\/www.lafineheure.fr\/#website","url":"https:\/\/www.lafineheure.fr\/","name":"La Fine Heure","description":"Restaurant - Cave \u00e0 vins","publisher":{"@id":"https:\/\/www.lafineheure.fr\/#organization"},"potentialAction":[{"@type":"SearchAction","target":{"@type":"EntryPoint","urlTemplate":"https:\/\/www.lafineheure.fr\/?s={search_term_string}"},"query-input":{"@type":"PropertyValueSpecification","valueRequired":true,"valueName":"search_term_string"}}],"inLanguage":"fr-FR"},{"@type":"Organization","@id":"https:\/\/www.lafineheure.fr\/#organization","name":"La Fine Heure","url":"https:\/\/www.lafineheure.fr\/","logo":{"@type":"ImageObject","inLanguage":"fr-FR","@id":"https:\/\/www.lafineheure.fr\/#\/schema\/logo\/image\/","url":"https:\/\/www.lafineheure.fr\/wp-content\/uploads\/2020\/09\/logo-la-fine-heure_RVB.png","contentUrl":"https:\/\/www.lafineheure.fr\/wp-content\/uploads\/2020\/09\/logo-la-fine-heure_RVB.png","width":1470,"height":1147,"caption":"La Fine Heure"},"image":{"@id":"https:\/\/www.lafineheure.fr\/#\/schema\/logo\/image\/"}}]}},"_links":{"self":[{"href":"https:\/\/www.lafineheure.fr\/index.php\/wp-json\/wp\/v2\/product\/3786","targetHints":{"allow":["GET"]}}],"collection":[{"href":"https:\/\/www.lafineheure.fr\/index.php\/wp-json\/wp\/v2\/product"}],"about":[{"href":"https:\/\/www.lafineheure.fr\/index.php\/wp-json\/wp\/v2\/types\/product"}],"replies":[{"embeddable":true,"href":"https:\/\/www.lafineheure.fr\/index.php\/wp-json\/wp\/v2\/comments?post=3786"}],"wp:featuredmedia":[{"embeddable":true,"href":"https:\/\/www.lafineheure.fr\/index.php\/wp-json\/wp\/v2\/media\/3951"}],"wp:attachment":[{"href":"https:\/\/www.lafineheure.fr\/index.php\/wp-json\/wp\/v2\/media?parent=3786"}],"wp:term":[{"taxonomy":"product_brand","embeddable":true,"href":"https:\/\/www.lafineheure.fr\/index.php\/wp-json\/wp\/v2\/product_brand?post=3786"},{"taxonomy":"product_cat","embeddable":true,"href":"https:\/\/www.lafineheure.fr\/index.php\/wp-json\/wp\/v2\/product_cat?post=3786"},{"taxonomy":"product_tag","embeddable":true,"href":"https:\/\/www.lafineheure.fr\/index.php\/wp-json\/wp\/v2\/product_tag?post=3786"}],"curies":[{"name":"wp","href":"https:\/\/api.w.org\/{rel}","templated":true}]}}